e
Let d = 15 - 12. Suppose d*j + 5112 = 7*j. Is 16/(-56) + j/14 a composite number?
True
Suppose 0 = -0*r - 9*r - 102366. Is 3/2 - r/4 a prime number?
False
Let x(g) = 70*g**2 + 71*g - 14. Is x(11) prime?
False
Let u(h) = h + 6. Let i be u(-8). Let s be ((-50)/4)/(1/i). Suppose -3*m + s = -86. Is m a composite number?
False
Suppose 0 = -6*g + 7*g - 5639. Is g a prime number?
True
Suppose -34 = -5*y + 4*d, d = 3*y - 2*d - 21. Let r(z) = 13*z**2 + 16*z - 1. Is r(y) a composite number?
False
Let d = -1040 - -186. Let s = 552 + d. Let l = s + 595. Is l composite?
False
Let g = 6 - 7. Is ((-2)/(-6))/((-2)/10158*g) prime?
True
Suppose 4*s - f - f = 554, 0 = s + 5*f - 155. Is ((-53)/(-2))/(14/s) a prime number?
False
Suppose 0*d = -d - 4*n + 36, -5*n = -5*d + 55. Let g be (-1)/(-2) - 328/d. Let t = g + 29. Is t a composite number?
True
Is (-5630142)/(-189) + (2/(-2))/9 a prime number?
True
Let n(i) = -i**3 + 16*i**2 - 4*i + 65. Let l be n(16). Let b(g) = 233*g + 3 - 99*g + 156*g. Is b(l) a prime number?
True
Let k(v) = 4*v**2 + 5*v + 4. Let q = -13 + 15. Suppose q*d - 13 - 5 = 0. Is k(d) composite?
False
Let d(z) = 1066*z - 15. Let j be d(7). Let m = j - 2804. Is m composite?
False
Let t = -20 + 19. Let d(m) = 3 - 4 + 2 - 142*m. Is d(t) prime?
False
Is ((-6)/(-2))/(48/52016) prime?
True
Let f = 1048 - 422. Let k = f - -773. Is k prime?
True
Let o(v) = 3722*v + 331. Is o(26) a prime number?
True
Let d be 33/2 + 5/(-10). Suppose 4*i = -48 + d. Is ((-26)/i)/(14/280) prime?
False
Let h(s) = -s**3 - 10*s**2 - 8*s + 11. Let n be h(-9). Is (1 - n)/(1/(-329)) a prime number?
False
Let c = -15979 + 27498. Is c composite?
False
Suppose -4*p = 4*j - 10 - 6, -j - 2*p = -7. Let u be 21/(-12) + j/(-4). Is (-284)/2*1/u a composite number?
False
Suppose x + 0*f = -4*f + 10273, 20510 = 2*x - 4*f. Is x composite?
True
Suppose 3*j = -j - 36056. Let s = -4896 - j. Suppose -3*g - 359 + s = 0. Is g a composite number?
True
Let s(a) = a**3 + 6*a**2 - 8*a - 8. Let y be s(-7). Is y/(-4) + 3573/12 a prime number?
False
Let y = -15 + 22. Let z be (20/y)/(4/14). Suppose 0*i - z = -b + 4*i, b + 4*i - 18 = 0. Is b composite?
True
Let n(g) = 335*g + 377. Is n(7) composite?
True
Is ((-5)/(-15))/(-2 + (-134119)/(-67059)) composite?
True
Let q be (48/(-20))/((-1)/5). Suppose q*j = 8*j. Suppose i + 3 = -j*i, 2*i = -4*y + 78. Is y composite?
True
Let o be -1 - -265 - (2 - 3). Suppose 0*c - o = -p + 4*c, 530 = 2*p - 3*c. Is p composite?
True
Is 8 + 33/(-3) + 7070 a composite number?
True
Let q = 22 - 14. Suppose 2 = q*o - 7*o. Suppose x - 5*x - 726 = -5*u, -291 = -o*u + x. Is u a prime number?
False
Suppose 5*l + 4*x - 3100 = 0, -4*l - x + 3315 - 846 = 0. Suppose 0 = -4*t - 3*a + l, t + a = -3*t + 624. Is t prime?
True
Let t be (80/32)/(10/8). Suppose 62 = t*s - 3*w, 3*s - 175 = -3*w - 52. Is s composite?
False
Let z = 3462 + -2402. Let q = z + -181. Is q a composite number?
True
Suppose 32*k - 6071 + 983 = 0. Is k composite?
True
Is 6800 + (-3 + 1 + 5 - 2) composite?
True
Is (0 + 6542)*(-2)/(-48)*12 prime?
True
Suppose -5*y - 10 = 10, -g - y + 9715 = 0. Is g prime?
True
Suppose 6*j = 36 - 6. Suppose 0*t + t + 4*l = 1155, j*l + 1173 = t. Is t a composite number?
False
Let c be 36/48 - 4217/(-4). Suppose 14*v - c = 9*v. Is v a prime number?
True
Let t(u) = -294*u**3 + 2*u**2 - 1. Let g be (5 + -4)/(2/10). Suppose -5*z + g - 10 = 0. Is t(z) a prime number?
False
Let g(a) = 4*a**3 - a**2 + 2*a + 32811. Is g(0) a prime number?
False
Let r(u) = -650*u - 2. Let j be r(1). Let o = j - -1449. Is o prime?
True
Let p = 141 + -1137. Let g = 1757 + p. Is g a composite number?
False
Let c(b) = 2905*b + 37. Is c(6) a composite number?
False
Suppose -127*p + 109*p = -1216062. Is p a prime number?
True
Suppose 5*u - u = 0. Suppose -2*z = -u*z - 30. Let a(x) = x**2 - 20. Is a(z) prime?
False
Let l = -1 + 39. Let r = l - -381. Is r a composite number?
False
Let i be 1*(-6)/(6/5). Is 62 + i - (-3 - -1) a prime number?
True
Suppose -17290 - 7271 = -3*d. Is d composite?
True
Suppose 2 - 12 = -2*q. Suppose -q*z + 2*z + 22 = 4*j, -2*j + 6 = -z. Suppose -5*a = -j*h - 3387, 3*h - 295 - 2427 = -4*a. Is a prime?
False
Suppose u - 108 = -0*u. Suppose 4*v + 2*v = u. Suppose -2*d + d - 33 = -5*b, -2*b = 2*d - v. Is b a prime number?
True
Let s = 16 + -22. Suppose 40 = -2*v - 14. Is (666/v)/(4/s) a prime number?
True
Suppose -685 = -9*t + 1142. Is t a prime number?
False
Let t(p) = 841*p**3 - 2*p**2 - 2*p + 3. Let i be t(1). Suppose -a - 5*n = -i, 0 = -a + 4*n - 2*n + 833. Is a composite?
True
Is (3 + 22/(-6))/((-24)/93780) composite?
True
Let u(s) = 8*s**2 - 12*s - 3 + 15 - s. Is u(9) a composite number?
True
Is (-121923)/(-23) - 3*21/9 composite?
True
Suppose -2*g + 4*y = -g - 65, 4*g - 2*y = 232. Let l be 36/(-2) + 3 + -5. Let u = g + l. Is u prime?
True
Is 141155/45 + 34/153 a prime number?
True
Suppose -3*s + 19004 = q + 4097, 0 = 3*s + 4*q - 14907. Is s composite?
False
Suppose -4*a + 5*i = -943, -3*i = 4*a - 2*a - 477. Suppose w - z - 311 = -3*w, -3*w = -2*z - a. Suppose u - 379 = -c - w, -2 = -2*c. Is u a composite number?
True
Let k(v) = -341*v**2 + 2*v + 4. Let t be k(4). Let q = -3643 - t. Is q prime?
True
Suppose -250*n - 266201 = -263*n. Is n a prime number?
True
Let s(t) = 19*t**2 + 1. Let j be s(-2). Suppose 7 = 2*a + j. Is (-369)/(-7) + (-10)/a prime?
True
Suppose -2*b - 2 = 4. Is -134*((-51)/6 - b) composite?
True
Let a(x) = -3 - 9*x**2 + 3*x - 6 + 12*x**2 + 4*x. Let h(r) = 4*r**2 + 7*r - 8. Let o(l) = -5*a(l) + 4*h(l). Is o(9) a composite number?
False
Suppose 0 = b + b + 4, -4*w + b + 18 = 0. Suppose -w*y + 148 = -348. Suppose 5*o - 826 = -5*d - 236, -o + y = -d. Is o a composite number?
True
Let z be -3 - (0 - 3 - -4). Let k be -3 - (z - -1) - -406. Let o = k - 227. Is o a composite number?
False
Suppose -3*p + 5*p + 571 = 3*w, 4*w + 2*p - 766 = 0. Suppose 5173 = 12*z - w. Is z a prime number?
False
Let d be ((-654)/8)/(-1 - (-5)/8). Let x be (-3)/((-6)/4) + 1. Suppose -x*o + d = -679. Is o composite?
True
Let t be -1 + (-1 - (-1 - 108)). Suppose 0*v + v + t = 0. Is v/(-5) - (-4)/(-10) a composite number?
True
Let v(m) = m**2 + 6*m + 5. Let r be v(-5). Suppose -5*g + 4*q + 1611 = r, -93 = -g - 5*q + 235. Is g a prime number?
False
Let c = 167 + -235. Let x = c + 1261. Is x a prime number?
True
Let n = 55 + -83. Let u = 31 + n. Is 363/22*4/u prime?
False
Let s(n) be the third derivative of -659*n**4/8 - 7*n**3/6 - 11*n**2. Is s(-4) a prime number?
True
Let m(h) = -2*h**3 - 4*h**2 - 4*h - 3. Let i be m(-2). Suppose i*x + 12 + 3 = 0. Is (-348)/(-9)*x/(-2) composite?
True
Let b be 4/(-18)*3*(-2 + -1). Let q be (-3)/(12/(-98))*2. Suppose -p + 77 = 4*m, -p = b*m - q - 34. Is p composite?
False
Let t(z) = 2*z + 157. Is t(-34) a prime number?
True
Let t(k) = k**3 + 42*k**2 + 128*k + 16. Is t(-35) a composite number?
False
Suppose 0 = 2*v - 3*v + 2*u - 1, -u = 0. Is ((31*78)/(-6))/(v + 0) a prime number?
False
Suppose 198*u - 208*u = -353930. Is u a prime number?
True
Let z(m) = -3*m + 3*m**3 + 9 + 3*m**3 - 5*m**3 - 3*m**2. Let y(f) = 26*f + 296. Let g be y(-11). Is z(g) composite?
True
Suppose -2*w + 3*s - 7 = 0, w = -s - 5 - 6. Let k(u) = 2. Let o(z) = 2*z + 1. Let t(m) = -4*k(m) - 2*o(m). Is t(w) prime?
False
Is 4/(24/8430) + -6 composite?
False
Suppose -13*v = 5*a - 12*v - 41649, -5*a + v + 41641 = 0. Is a composite?
False
Let h(w) = -17*w - 1. Let f be h(-6). Let t = 268 - f. Is t prime?
True
Suppose -19*u + 16*u = -59403. Is u a composite number?
False
Let a = 641 - 462. Is a a prime number?
True
Let p(l) = 12*l**3 + 3*l**2 + 5*l - 3. Let j be p(4). Let z = 1752 - j. Is z composite?
False
Let t = -29 - -13. Let u = 69 + t. Is u composite?
False
Let i(f) = f**3 - 5*f**2 + 13*f + 8. Suppose -v - 4*a + 11 = 0, 2*v - a - 22 = -2*a. Is i(v) a composite number?
False
Let u = -975 - -2956. Suppose 0 = 3*x + 12, -k - 2*k + u = 5*x. Is k composite?
True
Let l(o) be the third derivative of -o**4/24 + o**3/2 + 4*o**2. Let n be l(-5). Suppose -2*h + 3 = -2*f + 1, -4*f + n = -h. Is f a prime number?
True
Is 265000/35 + (-24)/56 a composite number?
True
Let b = -28 + 28. Suppose 4*q + 909 - 3601 = b. Is q prime?
True
Let h be 2/(-5) + 24/10. Suppose h*q = 6*q - 5*r - 2967, 0 = 5*q + 3*r - 3681. Suppose -947 =